{"id":4585,"date":"2023-05-09T17:05:31","date_gmt":"2023-05-09T17:05:31","guid":{"rendered":"https:\/\/www.imparpower.pt\/novo\/?page_id=4585"},"modified":"2025-12-19T12:43:16","modified_gmt":"2025-12-19T12:43:16","slug":"politica-de-privacidade","status":"publish","type":"page","link":"https:\/\/www.imparpower.pt\/novo\/politica-de-privacidade\/","title":{"rendered":"Pol\u00edtica de Privacidade"},"content":{"rendered":"\t\t<div data-elementor-type=\"wp-page\" data-elementor-id=\"4585\" class=\"elementor elementor-4585\">\n\t\t\t\t\t\t<section class=\"elementor-section elementor-top-section elementor-element elementor-element-1adf240 elementor-section-boxed elementor-section-height-default elementor-section-height-default\" data-id=\"1adf240\" data-element_type=\"section\" data-e-type=\"section\">\n\t\t\t\t\t\t<div class=\"elementor-container elementor-column-gap-default\">\n\t\t\t\t\t<div class=\"elementor-column elementor-col-100 elementor-top-column elementor-element elementor-element-c97e3ff\" data-id=\"c97e3ff\" data-element_type=\"column\" data-e-type=\"column\">\n\t\t\t<div class=\"elementor-widget-wrap elementor-element-populated\">\n\t\t\t\t\t\t<div class=\"elementor-element elementor-element-ddd7f8d elementor-widget elementor-widget-UltimateAreaTitle\" data-id=\"ddd7f8d\" data-element_type=\"widget\" data-e-type=\"widget\" data-settings=\"{&quot;ultimate_floating_fx_translate_y&quot;:{&quot;unit&quot;:&quot;px&quot;,&quot;size&quot;:&quot;&quot;,&quot;sizes&quot;:[]}}\" data-widget_type=\"UltimateAreaTitle.default\">\n\t\t\t\t<div class=\"elementor-widget-container\">\n\t\t\t\t\t<div class=\"area__content\">\t\t\t\r\n\t\t\t\t\r\n\t\t\t\t\r\n\t\t\t\t<div class=\"area__description\"><h3>Prote\u00e7\u00e3o de Dados Pessoais<\/h3>\n<article id=\"post-3\" class=\"post-3 page type-page status-publish hentry\">\n<div class=\"entry-content\">\n<div class=\"p-vn66309 pagelayer-row pagelayer-row-stretch-auto pagelayer-height-default\">\n<div class=\"pagelayer-row-holder pagelayer-row pagelayer-auto pagelayer-width-auto\">\n<div class=\"p-gc99270 pagelayer-col\">\n<div class=\"pagelayer-col-holder\">\n<div class=\"p-oy04371 pagelayer-text\">\n<div class=\"pagelayer-text-holder\">\n<p>A prote\u00e7\u00e3o dos seus dados pessoais \u00e9 muito importante para n\u00f3s e \u00e9 levada a s\u00e9rio no decorrer da sua visita ao nosso site. Tratamos os seus dados com responsabilidade e tomamos todas as medidas necess\u00e1rias para protege-los.<\/p>\n<h3>Quando recolhemos os seus dados<\/h3>\n<p>No nosso site os dados recolhidos ser\u00e3o apenas os que nos indicar nos formul\u00e1rios. Estes apenas ser\u00e3o recolhidos para os fins especificados e ap\u00f3s garantir que aceitou a nossa pol\u00edtica de prote\u00e7\u00e3o de dados ao enviar algum tipo de formul\u00e1rio. Por exemplo, ao preencher um formul\u00e1rio de pedido de or\u00e7amento em que lhe \u00e9 solicitado o nome, o email, um contacto e uma mensagem, apenas estes campos ser\u00e3o armazenados na base de dados. De forma a garantir que aceitou os nossos termos, junta-se tamb\u00e9m a necessidade de guardar o endere\u00e7o IP do utilizador.<\/p>\n<p>O uso do website implica a aceita\u00e7\u00e3o total e sem reservas de todas e cada uma das disposi\u00e7\u00f5es inclu\u00eddas neste Aviso Legal. Consequentemente, o utilizador do website deve ler atentamente este Aviso Legal, todas as vezes que pretender consultar o nosso website, uma vez que estas condi\u00e7\u00f5es podem ser alteradas pelo propriet\u00e1rio do website, ou devido a alguma altera\u00e7\u00e3o legislativa, jurisprud\u00eancia ou pr\u00e1tica empresarial.<\/p>\n<h3>1. TITULARIDADE DO WEBSITE<\/h3>\n<p><span style=\"color: #565655;\">Em conformidade com o disposto legal, s\u00e3o reportados de forma expressa, precisa e inequ\u00edvoca, tanto para os destinat\u00e1rios do servi\u00e7o como para os \u00f3rg\u00e3os competentes, os seguintes aspetos relacionados com o prestador do servi\u00e7o. Este aviso legal regula as condi\u00e7\u00f5es gerais de acesso e utiliza\u00e7\u00e3o do site acess\u00edvel em www.imparpower.pt\u00a0 (doravante, designado por website), e que \u00e9 colocado \u00e0 disposi\u00e7\u00e3o dos utilizadores da Internet, sendo propriedade da Imparpower - Inform\u00e1tica Unipessoal Lda, com <strong>NIF:<\/strong> 508039916,<strong> Telefone: <\/strong><span style=\"color: #000000;\"><a style=\"color: #000000;\" href=\"tel:253047992\">(+351)\u00a0<\/a><\/span><a href=\"https:\/\/www.google.com\/search?q=imparpower&amp;biw=1865&amp;bih=937&amp;sxsrf=APwXEdeunh6xsc7zmtcMrxbIjgvLvsIDPA%3A1683714135938&amp;ei=V3BbZKDyOOOZkdUPte2WiAw&amp;ved=0ahUKEwjg-eb3w-r-AhXjTKQEHbW2BcEQ4dUDCA8&amp;uact=5&amp;oq=imparpower&amp;gs_lcp=Cgxnd3Mtd2l6LXNlcnAQAzIECCMQJzINCC4QrwEQxwEQigUQJzICCCY6CAgAEKIEELADOgsIABCJBRCiBBCwA0oECEEYAVCrBVirBWDBCWgBcAB4AIABcIgBcJIBAzAuMZgBAKABAcgBBMABAQ&amp;sclient=gws-wiz-serp#\" data-dtype=\"d3ph\" data-local-attribute=\"d3ph\" data-ved=\"2ahUKEwiF4PmgxOr-AhXLU6QEHb4mDRYQkAgoAHoECDkQAw\"><span aria-label=\"Ligar para o n\u00famero de telefone 253 047 992\"><span style=\"color: #000000;\">253047992<\/span><\/span><\/a> (Chamada para a Rede Fixa Nacional) e<\/span>\u00a0e<span style=\"color: #565655;\">mail de\u00a0<strong>contacto:\u00a0<\/strong><span style=\"color: #000000;\"><a style=\"color: #000000;\" href=\"malito:geral@imparpower.pt\">geral@imparpower.pt<\/a><\/span><span style=\"color: #000000;\">.<\/span> O titular do website \u00e9 tamb\u00e9m o detentor da responsabilidade pelo Tratamento de Dados nele inseridos pelo utilizador.<\/span><\/p>\n<h3>2. OBJETO<\/h3>\n<p>O site fornece aos utilizadores o mesmo acesso a informa\u00e7\u00f5es e servi\u00e7os fornecidos pela ImparPower para pessoas ou organiza\u00e7\u00f5es interessadas neles.<\/p>\n<h3>3. ACESSO E USO DO WEBSITE<\/h3>\n<p>3.1. O acesso a este website \u00e9 livre e todos os seus conte\u00fados s\u00e3o gratuitos para os utilizadores.<\/p>\n<p>3.2. Registo do utilizador. Em geral, o acesso e utiliza\u00e7\u00e3o do website n\u00e3o requer a inscri\u00e7\u00e3o pr\u00e9via ou registo dos utilizadores no mesmo.<\/p>\n<h3>4. DADOS RECOLHIDOS NO WEBSITE<\/h3>\n<p>Recolhemos os dados que nos fornece voluntariamente quando preenche e envia um formul\u00e1rio no nosso website, bem como outros relativos ao processamento do seu pedido. Estes dados incluem, mas n\u00e3o se limitam, os seguintes: nome, e-mail, telefone.<br \/>Para al\u00e9m dos referidos dados, tamb\u00e9m podemos recolher dados de utiliza\u00e7\u00e3o e acesso ao website, tais como o seu endere\u00e7o IP.<\/p>\n<h3>5. UTILIZA\u00c7\u00c3O DOS DADOS RECOLHIDOS<\/h3>\n<p>Os dados recolhidos ser\u00e3o utilizados para comunicar consigo a respeito do seu pedido de reuni\u00e3o ou outros assuntos, assim como para execu\u00e7\u00e3o e envio do or\u00e7amento solicitado. Os dados recolhidos n\u00e3o ser\u00e3o utilizados em a\u00e7\u00f5es de marketing.<\/p>\n<h3>6. COM QUEM PARTILHA A IMPARPOWER OS SEUS DADOS?<\/h3>\n<p>A ImparPower n\u00e3o partilha com terceiros os dados recolhidos no envio de formul\u00e1rios no seu website, a menos que seja exigido pelas entidades legais competentes.<\/p>\n<h3>7. TEMPO DE CONSERVA\u00c7\u00c3O DOS DADOS<\/h3>\n<p>Em conformidade com as pol\u00edticas aplic\u00e1veis no que diz respeito \u00e0 conserva\u00e7\u00e3o dos dados e\/ou a legisla\u00e7\u00e3o em vigor, n\u00e3o conservamos os seus dados para al\u00e9m da dura\u00e7\u00e3o necess\u00e1ria aos fins legalmente admiss\u00edveis para os quais foram recolhidos.<\/p>\n<h3>8. CONTE\u00daDO DO WEBSITE<\/h3>\n<p>Os idiomas usados pelo propriet\u00e1rio no website s\u00e3o o Portugu\u00eas. A ImparPower n\u00e3o \u00e9 respons\u00e1vel pela falta de compreens\u00e3o, pelo utilizador, da linguagem contida no website ou consequ\u00eancias devido \u00e0 falta de compreens\u00e3o da mesma.<\/p>\n<p>A ImparPower pode modificar o conte\u00fado da presente pol\u00edtica de privacidade sem aviso pr\u00e9vio, excluir do website, bem como alterar a forma do utilizador a consultar, sem qualquer justifica\u00e7\u00e3o e livremente, n\u00e3o assumindo a responsabilidade pelas consequ\u00eancias causadas aos utilizadores.<br \/>A utiliza\u00e7\u00e3o dos conte\u00fados deste website \u00e9 proibida para promover, recrutar ou anunciar informa\u00e7\u00f5es propriet\u00e1rias ou de terceiros sem a autoriza\u00e7\u00e3o pr\u00e9via, por escrito, da ImparPower.<\/p>\n<p>O envio de publicidade ou informa\u00e7\u00e3o contida neste website, tamb\u00e9m \u00e9 proibido, independentemente de sua consulta ser gratuita ou n\u00e3o.<\/p>\n<p>Links ou hyperlinks que incorporam terceiros nos seus websites, visando este site, ser\u00e1 para a abertura do site completo, e n\u00e3o pode expressar, direta ou indiretamente, indica\u00e7\u00f5es falsas, imprecisas ou enganosas ou se envolver em a\u00e7\u00f5es desleais ou ilegais contra a ImparPower.<\/p>\n<h3>9. LIMITA\u00c7\u00c3O DE RESPONSABILIDADE<\/h3>\n<p>Tanto o acesso ao site, quanto o uso n\u00e3o considerado que pode ser feito das informa\u00e7\u00f5es nele contidas, s\u00e3o de responsabilidade exclusiva da pessoa que o realiza. A ImparPower n\u00e3o ser\u00e1 respons\u00e1vel por qualquer consequ\u00eancia ou dano que possa resultar de tal acesso ou uso. A ImparPower n\u00e3o \u00e9 respons\u00e1vel por erros de seguran\u00e7a que possam ocorrer ou por qualquer dano que possa ser causado ao sistema do computador do utilizador (hardware e software), ou aos arquivos ou documentos armazenados nele, como resultado de:<br \/>\u2013 a presen\u00e7a de um v\u00edrus no computador do utilizador que \u00e9 usado para se ligar aos servi\u00e7os e conte\u00fados da web;<br \/>\u2013 mau funcionamento do navegador;<br \/>\u2013 e \/ ou o uso de vers\u00f5es n\u00e3o atualizadas do navegador.<\/p>\n<p>A ImparPower n\u00e3o \u00e9 respons\u00e1vel pela fiabilidade e velocidade dos hiperlinks que s\u00e3o incorporados na web para a abertura de outros. A ImparPower n\u00e3o garante a utilidade desses links, nem \u00e9 respons\u00e1vel pelos conte\u00fados ou servi\u00e7os aos quais o utilizador pode aceder atrav\u00e9s desses links, ou o funcionamento adequado desses sites.<\/p>\n<p>A ImparPower n\u00e3o ser\u00e1 respons\u00e1vel por v\u00edrus ou outros programas de computador que se deteriorem ou possam deteriorar os sistemas de computadores ou equipamentos dos utilizadores ao aceder o seu website ou outros websites que tenham sido acedidos atrav\u00e9s de links neste website.<\/p>\n<h3>10. USO DA TECNOLOGIA \u201cCOOKIE\u201d<\/h3>\n<p>O website utiliza cookies. Poder\u00e1 consultar nossa <span style=\"color: #000000;\"><a style=\"color: #000000;\" href=\"https:\/\/www.imparpower.pt\/novo\/politica-de-cookies\/\">Pol\u00edtica de Cookies<\/a>,<\/span> que respeita em todos os momentos a confidencialidade e privacidade do mesmo.<\/p>\n<h3>11. PROPRIEDADE INTELECTUAL E INDUSTRIAL<\/h3>\n<p>Todos os direitos de propriedade industrial e intelectual do Website, bem como o conte\u00fado que cont\u00e9m, s\u00e3o propriedade da ImparPower. Qualquer uso do website ou seu conte\u00fado deve ser exclusivamente privado. \u00c9 reservado exclusivamente \u00e0 ImparPower, qualquer outro uso que sup\u00f5e a c\u00f3pia, reprodu\u00e7\u00e3o, distribui\u00e7\u00e3o, transforma\u00e7\u00e3o, comunica\u00e7\u00e3o p\u00fablica ou qualquer outra a\u00e7\u00e3o similar, de todo ou parte do conte\u00fado do website, para o qual nenhum utilizador poder\u00e1 realizar estas a\u00e7\u00f5es sem Autoriza\u00e7\u00e3o pr\u00e9via por escrito da ImparPower.<\/p>\n<h3>12. POL\u00cdTICA DE PRIVACIDADE E PROTE\u00c7\u00c3O DE DADOS<\/h3>\n<p>A ImparPower garante a prote\u00e7\u00e3o e confidencialidade dos dados pessoais, de qualquer natureza, fornecidos por empresas nossas clientes, de acordo com o disposto legal, sobre a Prote\u00e7\u00e3o de Dados Pessoais.<br \/>Todos os dados fornecidos pelos nossos clientes \u00e0 ImparPower ou sua equipa ser\u00e3o inclu\u00eddos num arquivo de dados digital de natureza pessoal, criado e mantido sob a responsabilidade da ImparPower, essencial para fornecer os servi\u00e7os solicitados pelos utilizadores.<\/p>\n<p>Os dados fornecidos ser\u00e3o tratados de acordo com a Lei da Prote\u00e7\u00e3o de Dados Pessoais (em diante \u201cLPDP\u201d) e o Regulamento Geral de Prote\u00e7\u00e3o de Dados (Regulamento (UE) 2016\/679 do Parlamento Europeu e do Conselho de 27 de abril de 2016, em diante \u201cRGPD\u201d) asseguram . Neste sentido, a ImparPower adotou os n\u00edveis de prote\u00e7\u00e3o que s\u00e3o legalmente exigidos, e instalou todas as medidas t\u00e9cnicas \u00e0 sua disposi\u00e7\u00e3o para evitar perda, uso indevido, altera\u00e7\u00e3o e acesso n\u00e3o autorizado por terceiros. No entanto, o utilizador deve estar ciente de que as medidas de seguran\u00e7a na Internet n\u00e3o s\u00e3o inexpugn\u00e1veis.<\/p>\n<p>Em conformidade com as disposi\u00e7\u00f5es da CNPD, o utilizador pode exercer seus direitos de acesso, retifica\u00e7\u00e3o, cancelamento e oposi\u00e7\u00e3o. Para isso, deve contactar-nos pelo e-mail <span style=\"color: #000000;\"><a style=\"color: #000000;\" href=\"mailto:geral@imparpower.pt\">geral@imparpower.pt<\/a>.<\/span><\/p>\n<h3>13. LEGISLA\u00c7\u00c3O APLIC\u00c1VEL E JURISDI\u00c7\u00c3O COMPETENTE<\/h3>\n<p class=\"pagelayer-text-holder pagelayer-pen\" contenteditable=\"true\">Este Aviso Legal ser\u00e1 interpretado e regido de acordo com a legisla\u00e7\u00e3o Portuguesa. De acordo com a Lei n\u00ba144\/2015 em caso de lit\u00edgio a autoridade competente \u00e9 o Centro de Arbitragem de Conflitos de Consumo do Vale do Ave \u2013\u00a0<span style=\"color: #000000;\"><a style=\"color: #000000;\" href=\"http:\/\/www.triave.pt\/\">www.triave.pt.<\/a><\/span><\/p>\n<\/div>\n<\/div>\n<\/div>\n<\/div>\n<\/div>\n<\/div>\n<\/div>\n<\/article>\n<p>\u00a0<\/p>\n<footer class=\"pagelayer-footer\">\n<div class=\"p-2ki5913 pagelayer-row pagelayer-row-stretch-auto pagelayer-height-default\">\n<div class=\"pagelayer-row-holder pagelayer-row pagelayer-auto pagelayer-width-auto\">\n<div class=\"p-z7l7687 pagelayer-col pagelayer-col-4\">\n<div class=\"pagelayer-col-holder\">\n<div class=\"p-13e6631 pagelayer-wp_title\">\n<div class=\"pagelayer-wp-title-content\">\n<div class=\"pagelayer-wp-title-section\">\n<div class=\"pagelayer-wp-title-holder\">\u00a0<\/div>\n<\/div>\n<\/div>\n<\/div>\n<\/div>\n<\/div>\n<\/div>\n<\/div>\n<\/footer>\n<\/div>\r\n\t\t\t\t<\/div>\t\t\t\t<\/div>\n\t\t\t\t<\/div>\n\t\t\t\t\t<\/div>\n\t\t<\/div>\n\t\t\t\t\t<\/div>\n\t\t<\/section>\n\t\t\t\t<section class=\"elementor-section elementor-top-section elementor-element elementor-element-b6fdbe5 elementor-section-boxed elementor-section-height-default elementor-section-height-default\" data-id=\"b6fdbe5\" data-element_type=\"section\" data-e-type=\"section\" data-settings=\"{&quot;background_background&quot;:&quot;gradient&quot;}\">\n\t\t\t\t\t\t<div class=\"elementor-container elementor-column-gap-default\">\n\t\t\t\t\t<div class=\"elementor-column elementor-col-100 elementor-top-column elementor-element elementor-element-6178a8d\" data-id=\"6178a8d\" data-element_type=\"column\" data-e-type=\"column\">\n\t\t\t<div class=\"elementor-widget-wrap elementor-element-populated\">\n\t\t\t\t\t\t<section class=\"elementor-section elementor-inner-section elementor-element elementor-element-a5fdcae elementor-section-content-middle elementor-section-boxed elementor-section-height-default elementor-section-height-default\" data-id=\"a5fdcae\" data-element_type=\"section\" data-e-type=\"section\" data-settings=\"{&quot;background_background&quot;:&quot;classic&quot;}\">\n\t\t\t\t\t\t\t<div class=\"elementor-background-overlay\"><\/div>\n\t\t\t\t\t\t\t<div class=\"elementor-container elementor-column-gap-default\">\n\t\t\t\t\t<div class=\"elementor-column elementor-col-50 elementor-inner-column elementor-element elementor-element-ff63e27\" data-id=\"ff63e27\" data-element_type=\"column\" data-e-type=\"column\">\n\t\t\t<div class=\"elementor-widget-wrap elementor-element-populated\">\n\t\t\t\t\t\t<div class=\"elementor-element elementor-element-387214c elementor-widget__width-initial elementor-invisible elementor-widget elementor-widget-Ultimate_Info_Box_Widget\" data-id=\"387214c\" data-element_type=\"widget\" data-e-type=\"widget\" data-settings=\"{&quot;_animation&quot;:&quot;fadeInUp&quot;,&quot;_animation_delay&quot;:400,&quot;ultimate_floating_fx_translate_y&quot;:{&quot;unit&quot;:&quot;px&quot;,&quot;size&quot;:&quot;&quot;,&quot;sizes&quot;:[]}}\" data-widget_type=\"Ultimate_Info_Box_Widget.default\">\n\t\t\t\t<div class=\"elementor-widget-container\">\n\t\t\t\t\t            <div class=\"ultimate__info__box__wrap ultimate__infobox__style__2\" >\r\n\r\n                                                    <div class = \"info__box__list\">\r\n                                                                                <div class=\"single__info__box elementor-repeater-item-282f097\">\r\n\r\n                                                                    <div class=\"info__box__icon\">\r\n                                        <i class=\"fa fa-phone\"><\/i>                                    <\/div>\r\n                                                                                                                                            <div class=\"info__title\">Telefone:<\/div>\r\n                                                                                                                <div class=\"info__details\"><p><span style=\"color: #ffffff;\"><a style=\"color: #ffffff;\" href=\"tel:253047992\">+351 253 047 992<\/a><\/span><\/p>\n<\/div>\r\n                                                                                                <\/div>\r\n                                            <\/div>\r\n                            <\/div>\r\n        \t\t\t\t<\/div>\n\t\t\t\t<\/div>\n\t\t\t\t\t<\/div>\n\t\t<\/div>\n\t\t\t\t<div class=\"elementor-column elementor-col-50 elementor-inner-column elementor-element elementor-element-0d40e99\" data-id=\"0d40e99\" data-element_type=\"column\" data-e-type=\"column\">\n\t\t\t<div class=\"elementor-widget-wrap elementor-element-populated\">\n\t\t\t\t\t\t<div class=\"elementor-element elementor-element-e1db25a elementor-invisible elementor-widget elementor-widget-Ultimate_Info_Box_Widget\" data-id=\"e1db25a\" data-element_type=\"widget\" data-e-type=\"widget\" data-settings=\"{&quot;_animation&quot;:&quot;fadeInUp&quot;,&quot;_animation_delay&quot;:500,&quot;ultimate_floating_fx_translate_y&quot;:{&quot;unit&quot;:&quot;px&quot;,&quot;size&quot;:&quot;&quot;,&quot;sizes&quot;:[]}}\" data-widget_type=\"Ultimate_Info_Box_Widget.default\">\n\t\t\t\t<div class=\"elementor-widget-container\">\n\t\t\t\t\t            <div class=\"ultimate__info__box__wrap ultimate__infobox__style__3\" >\r\n\r\n                                                    <div class = \"info__box__list\">\r\n                                                                                <div class=\"single__info__box elementor-repeater-item-bb5d642\">\r\n\r\n                                                                    <div class=\"info__box__icon\">\r\n                                        <i class=\"fas fa-envelope\"><\/i>                                    <\/div>\r\n                                                                                                                                            <div class=\"info__title\">EMAIL:<\/div>\r\n                                                                                                                <div class=\"info__details\"><p><span style=\"color: #ffffff;\"><a style=\"color: #ffffff;\" href=\"mailto:geral@imparpower.pt\">geral@imparpower.pt<\/a><\/span><\/p>\n<\/div>\r\n                                                                                                <\/div>\r\n                                            <\/div>\r\n                            <\/div>\r\n        \t\t\t\t<\/div>\n\t\t\t\t<\/div>\n\t\t\t\t\t<\/div>\n\t\t<\/div>\n\t\t\t\t\t<\/div>\n\t\t<\/section>\n\t\t\t\t\t<\/div>\n\t\t<\/div>\n\t\t\t\t\t<\/div>\n\t\t<\/section>\n\t\t\t\t<\/div>\n\t\t","protected":false},"excerpt":{"rendered":"<p>Prote\u00e7\u00e3o de Dados Pessoais A prote\u00e7\u00e3o dos seus dados pessoais \u00e9 muito importante para n\u00f3s e \u00e9 levada a s\u00e9rio [&hellip;]<\/p>\n","protected":false},"author":2,"featured_media":0,"parent":0,"menu_order":0,"comment_status":"closed","ping_status":"closed","template":"template\/composer.php","meta":{"footnotes":""},"tags":[17,225,227],"class_list":["post-4585","page","type-page","status-publish","hentry","tag-imparpower","tag-politica","tag-privacidade","no-post-thumbnail"],"aioseo_notices":[],"_links":{"self":[{"href":"https:\/\/www.imparpower.pt\/novo\/wp-json\/wp\/v2\/pages\/4585","targetHints":{"allow":["GET"]}}],"collection":[{"href":"https:\/\/www.imparpower.pt\/novo\/wp-json\/wp\/v2\/pages"}],"about":[{"href":"https:\/\/www.imparpower.pt\/novo\/wp-json\/wp\/v2\/types\/page"}],"author":[{"embeddable":true,"href":"https:\/\/www.imparpower.pt\/novo\/wp-json\/wp\/v2\/users\/2"}],"replies":[{"embeddable":true,"href":"https:\/\/www.imparpower.pt\/novo\/wp-json\/wp\/v2\/comments?post=4585"}],"version-history":[{"count":10,"href":"https:\/\/www.imparpower.pt\/novo\/wp-json\/wp\/v2\/pages\/4585\/revisions"}],"predecessor-version":[{"id":5877,"href":"https:\/\/www.imparpower.pt\/novo\/wp-json\/wp\/v2\/pages\/4585\/revisions\/5877"}],"wp:attachment":[{"href":"https:\/\/www.imparpower.pt\/novo\/wp-json\/wp\/v2\/media?parent=4585"}],"wp:term":[{"taxonomy":"post_tag","embeddable":true,"href":"https:\/\/www.imparpower.pt\/novo\/wp-json\/wp\/v2\/tags?post=4585"}],"curies":[{"name":"wp","href":"https:\/\/api.w.org\/{rel}","templated":true}]}}